{"id":45,"date":"2023-03-12T07:46:43","date_gmt":"2023-03-12T07:46:43","guid":{"rendered":"http:\/\/192.168.0.235\/elevate\/?page_id=45"},"modified":"2024-05-30T11:29:12","modified_gmt":"2024-05-30T09:29:12","slug":"pedagogie-alternance","status":"publish","type":"page","link":"https:\/\/wp.itiibourgogne.fr\/index.php\/pedagogie-alternance\/","title":{"rendered":"P\u00e9dagogie de l&#8217;alternance"},"content":{"rendered":"\t\t<div data-elementor-type=\"wp-page\" data-elementor-id=\"45\" class=\"elementor elementor-45\">\n\t\t\t\t\t\t\t\t\t<section class=\"elementor-section elementor-top-section elementor-element elementor-element-e3c70ec elementor-section-stretched elementor-section-boxed elementor-section-height-default elementor-section-height-default\" data-id=\"e3c70ec\" data-element_type=\"section\" data-settings=\"{&quot;stretch_section&quot;:&quot;section-stretched&quot;,&quot;background_background&quot;:&quot;classic&quot;}\">\n\t\t\t\t\t\t\t<div class=\"elementor-background-overlay\"><\/div>\n\t\t\t\t\t\t\t<div class=\"elementor-container elementor-column-gap-default\">\n\t\t\t\t\t<div class=\"elementor-column elementor-col-100 elementor-top-column elementor-element elementor-element-b6baf71\" data-id=\"b6baf71\" data-element_type=\"column\" data-settings=\"{&quot;background_background&quot;:&quot;classic&quot;}\">\n\t\t\t<div class=\"elementor-widget-wrap elementor-element-populated\">\n\t\t\t\t\t<div class=\"elementor-background-overlay\"><\/div>\n\t\t\t\t\t\t\t\t<section class=\"elementor-section elementor-inner-section elementor-element elementor-element-68851ae rt-bg-theme elementor-section-boxed elementor-section-height-default elementor-section-height-default\" data-id=\"68851ae\" data-element_type=\"section\" data-settings=\"{&quot;background_background&quot;:&quot;classic&quot;}\">\n\t\t\t\t\t\t<div class=\"elementor-container elementor-column-gap-default\">\n\t\t\t\t\t<div class=\"elementor-column elementor-col-33 elementor-inner-column elementor-element elementor-element-352f56d elementor-hidden-mobile\" data-id=\"352f56d\" data-element_type=\"column\">\n\t\t\t<div class=\"elementor-widget-wrap\">\n\t\t\t\t\t\t\t\t\t<\/div>\n\t\t<\/div>\n\t\t\t\t<div class=\"elementor-column elementor-col-66 elementor-inner-column elementor-element elementor-element-6f5e8ff clip-path-2\" data-id=\"6f5e8ff\" data-element_type=\"column\" data-settings=\"{&quot;background_background&quot;:&quot;classic&quot;}\">\n\t\t\t<div class=\"elementor-widget-wrap elementor-element-populated\">\n\t\t\t\t\t<div class=\"elementor-background-overlay\"><\/div>\n\t\t\t\t\t\t\t\t<div class=\"elementor-element elementor-element-88c47ea elementor-widget__width-initial clip-path-title elementor-widget elementor-widget-react-heading\" data-id=\"88c47ea\" data-element_type=\"widget\" data-widget_type=\"react-heading.default\">\n\t\t\t\t<div class=\"elementor-widget-container\">\n\t\t\t\t  \r\n        <div class=\"react-heading default  title-border-no\">\r\n        \t<div class=\"title-inner no\">        \t\t      \t\t\r\n\t            <h1 class=\"title\" data-aos-delay=\"300\" data-aos=\"fade-up\" data-aos-duration=\"800\" data-aos-once=\"true\">P\u00e9dagogie de l'alternance<\/h1>\t        <\/div>\r\n\t\t\t\t        \r\n\t            \r\n        <\/div>\r\n        \t\t<\/div>\n\t\t\t\t<\/div>\n\t\t\t\t<div class=\"elementor-element elementor-element-298a4d1 elementor-widget elementor-widget-text-editor\" data-id=\"298a4d1\" data-element_type=\"widget\" data-widget_type=\"text-editor.default\">\n\t\t\t\t<div class=\"elementor-widget-container\">\n\t\t\t<style>\/*! elementor - v3.18.0 - 20-12-2023 *\/\n.elementor-widget-text-editor.elementor-drop-cap-view-stacked .elementor-drop-cap{background-color:#69727d;color:#fff}.elementor-widget-text-editor.elementor-drop-cap-view-framed .elementor-drop-cap{color:#69727d;border:3px solid;background-color:transparent}.elementor-widget-text-editor:not(.elementor-drop-cap-view-default) .elementor-drop-cap{margin-top:8px}.elementor-widget-text-editor:not(.elementor-drop-cap-view-default) .elementor-drop-cap-letter{width:1em;height:1em}.elementor-widget-text-editor .elementor-drop-cap{float:left;text-align:center;line-height:1;font-size:50px}.elementor-widget-text-editor .elementor-drop-cap-letter{display:inline-block}<\/style>\t\t\t\t<p>L&#8217;ITII\u00a0Bourgogne a d\u00e9velopp\u00e9 une p\u00e9dagogie d\u2019alternance permettant une confrontation permanente entre les connaissances fondamentales et les pratiques professionnelles.<\/p>\t\t\t\t\t\t<\/div>\n\t\t\t\t<\/div>\n\t\t\t\t\t<\/div>\n\t\t<\/div>\n\t\t\t\t\t\t\t<\/div>\n\t\t<\/section>\n\t\t\t\t\t<\/div>\n\t\t<\/div>\n\t\t\t\t\t\t\t<\/div>\n\t\t<\/section>\n\t\t\t\t<section class=\"elementor-section elementor-top-section elementor-element elementor-element-a35c1a3 elementor-section-content-middle elementor-section-stretched elementor-section-boxed elementor-section-height-default elementor-section-height-default\" data-id=\"a35c1a3\" data-element_type=\"section\" data-settings=\"{&quot;stretch_section&quot;:&quot;section-stretched&quot;,&quot;background_background&quot;:&quot;classic&quot;}\">\n\t\t\t\t\t\t<div class=\"elementor-container elementor-column-gap-default\">\n\t\t\t\t\t<div class=\"elementor-column elementor-col-50 elementor-top-column elementor-element elementor-element-d282a5f\" data-id=\"d282a5f\" data-element_type=\"column\">\n\t\t\t<div class=\"elementor-widget-wrap elementor-element-populated\">\n\t\t\t\t\t\t\t\t<div class=\"elementor-element elementor-element-201344c elementor-widget elementor-widget-spacer\" data-id=\"201344c\" data-element_type=\"widget\" data-widget_type=\"spacer.default\">\n\t\t\t\t<div class=\"elementor-widget-container\">\n\t\t\t<style>\/*! elementor - v3.18.0 - 20-12-2023 *\/\n.elementor-column .elementor-spacer-inner{height:var(--spacer-size)}.e-con{--container-widget-width:100%}.e-con-inner>.elementor-widget-spacer,.e-con>.elementor-widget-spacer{width:var(--container-widget-width,var(--spacer-size));--align-self:var(--container-widget-align-self,initial);--flex-shrink:0}.e-con-inner>.elementor-widget-spacer>.elementor-widget-container,.e-con>.elementor-widget-spacer>.elementor-widget-container{height:100%;width:100%}.e-con-inner>.elementor-widget-spacer>.elementor-widget-container>.elementor-spacer,.e-con>.elementor-widget-spacer>.elementor-widget-container>.elementor-spacer{height:100%}.e-con-inner>.elementor-widget-spacer>.elementor-widget-container>.elementor-spacer>.elementor-spacer-inner,.e-con>.elementor-widget-spacer>.elementor-widget-container>.elementor-spacer>.elementor-spacer-inner{height:var(--container-widget-height,var(--spacer-size))}.e-con-inner>.elementor-widget-spacer.elementor-widget-empty,.e-con>.elementor-widget-spacer.elementor-widget-empty{position:relative;min-height:22px;min-width:22px}.e-con-inner>.elementor-widget-spacer.elementor-widget-empty .elementor-widget-empty-icon,.e-con>.elementor-widget-spacer.elementor-widget-empty .elementor-widget-empty-icon{position:absolute;top:0;bottom:0;left:0;right:0;margin:auto;padding:0;width:22px;height:22px}<\/style>\t\t<div class=\"elementor-spacer\">\n\t\t\t<div class=\"elementor-spacer-inner\"><\/div>\n\t\t<\/div>\n\t\t\t\t<\/div>\n\t\t\t\t<\/div>\n\t\t\t\t<div class=\"elementor-element elementor-element-a95fdfa elementor-widget__width-inherit elementor-widget elementor-widget-react-heading\" data-id=\"a95fdfa\" data-element_type=\"widget\" data-widget_type=\"react-heading.default\">\n\t\t\t\t<div class=\"elementor-widget-container\">\n\t\t\t\t  \r\n        <div class=\"react-heading default  title-border-no\">\r\n        \t<div class=\"title-inner no\">        \t\t      \t\t\r\n\t            <h2 class=\"title\" data-aos-delay=\"300\" data-aos=\"fade-up\" data-aos-duration=\"800\" data-aos-once=\"true\">P\u00e9dagogie de l'alternance pour apprentissage<\/h2>\t        <\/div>\r\n\t\t\t\t        \r\n\t            \r\n        <\/div>\r\n        \t\t<\/div>\n\t\t\t\t<\/div>\n\t\t\t\t<div class=\"elementor-element elementor-element-f3a8362 elementor-widget elementor-widget-rt-custom-accordions\" data-id=\"f3a8362\" data-element_type=\"widget\" data-widget_type=\"rt-custom-accordions.default\">\n\t\t\t\t<div class=\"elementor-widget-container\">\n\t\t\t        <div class=\"rts-accordion style2\" id=\"accordionExample9399\">\n                            <div class=\"accordion-item\">\n                        <div class=\"accordion-header\" id=\"heading-93991\">\n                            <button class=\"accordion-button \" type=\"button\" data-bs-toggle=\"collapse\" data-bs-target=\"#collapse93991\" aria-expanded=\"true\" aria-controls=\"collapse93991\">\n                            \n                                 \n                                    Les connaissances <span class=\"accordion-icon\"><i aria-hidden=\"true\" class=\"rt rt-plus-regular\"><\/i><\/span>\n                                    <span class=\"accordion-icon-active\"> <i aria-hidden=\"true\" class=\"rt rt-minus-regular\"><\/i><\/span>\n                            <\/button>\n                        <\/div>\n                        <div id=\"collapse93991\" class=\"accordion-collapse collapse show\" aria-labelledby=\"heading93991\" data-bs-parent=\"#accordionExample9399\">\n                            <div class=\"accordion-body\">\n                            Dans la formation d&#039;ing\u00e9nieur, les acquis th\u00e9oriques et pratiques demandent, pour \u00eatre assimil\u00e9s, un temps important de travail et une continuit\u00e9 dans l&#039;acquisition des m\u00e9thodes de travail.\nC&#039;est la raison pour laquelle l&#039;ITII Bourgogne a retenu une alternance longue faite de s\u00e9quences de plusieurs mois \u00e0 l&#039;institut et en entreprise.\nDepuis plus de trente ans, l\u2019ITII Bourgogne privil\u00e9gie cette alternance permettant une prise de responsabilit\u00e9 progressive de l\u2019apprenti ing\u00e9nieur. Ce type d\u2019alternance permet et facilite une \u00e9volution des comp\u00e9tences manag\u00e9riales et un basculement vers le pilotage de projet d\u00e8s le milieu de la deuxi\u00e8me ann\u00e9e.                            <\/div>\n                        <\/div>\n                <\/div>\n                            <div class=\"accordion-item\">\n                        <div class=\"accordion-header\" id=\"heading-93992\">\n                            <button class=\"accordion-button collapsed\" type=\"button\" data-bs-toggle=\"collapse\" data-bs-target=\"#collapse93992\" aria-expanded=\"false\" aria-controls=\"collapse93992\">\n                            \n                                 \n                                    Une p\u00e9dagogie par projet <span class=\"accordion-icon\"><i aria-hidden=\"true\" class=\"rt rt-plus-regular\"><\/i><\/span>\n                                    <span class=\"accordion-icon-active\"> <i aria-hidden=\"true\" class=\"rt rt-minus-regular\"><\/i><\/span>\n                            <\/button>\n                        <\/div>\n                        <div id=\"collapse93992\" class=\"accordion-collapse collapse \" aria-labelledby=\"heading93992\" data-bs-parent=\"#accordionExample9399\">\n                            <div class=\"accordion-body\">\n                            Afin d\u2019adapter la formation aux enjeux de d\u00e9veloppement de l&#039;entreprise, le cursus de formation laisse une large place \u00e0 la r\u00e9alisation de projets industriels. Ces derniers doivent r\u00e9pondre aux exigences scientifiques d\u00e9finies par les partenaires p\u00e9dagogiques mais \u00e9galement aux besoins d\u2019innovation de l\u2019entreprise. Ces projets donnent lieu \u00e0 des r\u00e9dactions de m\u00e9moires et doivent \u00eatre soutenus devant un jury. Ces \u00e9tapes sont n\u00e9cessaires pour obtenir le dipl\u00f4me.                            <\/div>\n                        <\/div>\n                <\/div>\n                            <div class=\"accordion-item\">\n                        <div class=\"accordion-header\" id=\"heading-93993\">\n                            <button class=\"accordion-button collapsed\" type=\"button\" data-bs-toggle=\"collapse\" data-bs-target=\"#collapse93993\" aria-expanded=\"false\" aria-controls=\"collapse93993\">\n                            \n                                 \n                                    Projet de fin d'\u00e9tudes (PFE) <span class=\"accordion-icon\"><i aria-hidden=\"true\" class=\"rt rt-plus-regular\"><\/i><\/span>\n                                    <span class=\"accordion-icon-active\"> <i aria-hidden=\"true\" class=\"rt rt-minus-regular\"><\/i><\/span>\n                            <\/button>\n                        <\/div>\n                        <div id=\"collapse93993\" class=\"accordion-collapse collapse \" aria-labelledby=\"heading93993\" data-bs-parent=\"#accordionExample9399\">\n                            <div class=\"accordion-body\">\n                            En troisi\u00e8me ann\u00e9e, deux projets principaux sont d\u00e9velopp\u00e9s dans le cadre du cursus de la formation : \n\n\u2022 Projet industriel (G\u00e9nie Industriel) men\u00e9 avec l\u2019appui du tuteur en entreprise et d\u2019un tuteur d\u00e9sign\u00e9 par l\u2019ITII Bourgogne. Ce projet implant\u00e9 dans l\u2019entreprise permet une mise en situation d\u2019ing\u00e9nieur. \n\n\u2022 Projet scientifique (G\u00e9nie Industriel et G\u00e9nie M\u00e9canique) men\u00e9 avec l\u2019appui du tuteur en entreprise et d\u2019un tuteur d\u00e9sign\u00e9 par le partenaire p\u00e9dagogique. Ce projet doit r\u00e9pondre \u00e0 des besoins de d\u00e9veloppement \u00e0 moyen terme dans l\u2019entreprise. Il peut faire appel aux moyens techniques des laboratoires de l\u2019ISAT.                            <\/div>\n                        <\/div>\n                <\/div>\n                              \n                  \n            <\/div>            \n        \t\t<\/div>\n\t\t\t\t<\/div>\n\t\t\t\t<div class=\"elementor-element elementor-element-04e4bc4 elementor-widget elementor-widget-spacer\" data-id=\"04e4bc4\" data-element_type=\"widget\" data-widget_type=\"spacer.default\">\n\t\t\t\t<div class=\"elementor-widget-container\">\n\t\t\t\t\t<div class=\"elementor-spacer\">\n\t\t\t<div class=\"elementor-spacer-inner\"><\/div>\n\t\t<\/div>\n\t\t\t\t<\/div>\n\t\t\t\t<\/div>\n\t\t\t\t\t<\/div>\n\t\t<\/div>\n\t\t\t\t<div class=\"elementor-column elementor-col-50 elementor-top-column elementor-element elementor-element-8e38f00\" data-id=\"8e38f00\" data-element_type=\"column\">\n\t\t\t<div class=\"elementor-widget-wrap elementor-element-populated\">\n\t\t\t\t\t\t\t\t<div class=\"elementor-element elementor-element-bf21dab elementor-widget elementor-widget-image\" data-id=\"bf21dab\" data-element_type=\"widget\" data-widget_type=\"image.default\">\n\t\t\t\t<div class=\"elementor-widget-container\">\n\t\t\t<style>\/*! elementor - v3.18.0 - 20-12-2023 *\/\n.elementor-widget-image{text-align:center}.elementor-widget-image a{display:inline-block}.elementor-widget-image a img[src$=\".svg\"]{width:48px}.elementor-widget-image img{vertical-align:middle;display:inline-block}<\/style>\t\t\t\t\t\t\t\t\t\t\t\t<img fetchpriority=\"high\" decoding=\"async\" width=\"640\" height=\"426\" src=\"https:\/\/wp.itiibourgogne.fr\/wp-content\/uploads\/2024\/03\/ITII-VF-38-Grande-1024x682.jpeg\" class=\"attachment-large size-large wp-image-10924\" alt=\"\" srcset=\"https:\/\/wp.itiibourgogne.fr\/wp-content\/uploads\/2024\/03\/ITII-VF-38-Grande-1024x682.jpeg 1024w, https:\/\/wp.itiibourgogne.fr\/wp-content\/uploads\/2024\/03\/ITII-VF-38-Grande-300x200.jpeg 300w, https:\/\/wp.itiibourgogne.fr\/wp-content\/uploads\/2024\/03\/ITII-VF-38-Grande-768x512.jpeg 768w, https:\/\/wp.itiibourgogne.fr\/wp-content\/uploads\/2024\/03\/ITII-VF-38-Grande-600x400.jpeg 600w, https:\/\/wp.itiibourgogne.fr\/wp-content\/uploads\/2024\/03\/ITII-VF-38-Grande.jpeg 1280w\" sizes=\"(max-width: 640px) 100vw, 640px\" \/>\t\t\t\t\t\t\t\t\t\t\t\t\t\t\t<\/div>\n\t\t\t\t<\/div>\n\t\t\t\t\t<\/div>\n\t\t<\/div>\n\t\t\t\t\t\t\t<\/div>\n\t\t<\/section>\n\t\t\t\t\t\t\t<\/div>\n\t\t","protected":false},"excerpt":{"rendered":"<p>P\u00e9dagogie de l&#8217;alternance L&#8217;ITII\u00a0Bourgogne a d\u00e9velopp\u00e9 une p\u00e9dagogie d\u2019alternance permettant une confrontation permanente entre les connaissances fondamentales et les pratiques professionnelles. P\u00e9dagogie de l&#8217;alternance pour apprentissage Les connaissances Dans la formation d&#039;ing\u00e9nieur, les acquis th\u00e9oriques et pratiques demandent, pour \u00eatre assimil\u00e9s, un temps important de travail et une continuit\u00e9 dans l&#039;acquisition des m\u00e9thodes de travail&#8230;.<\/p>\n","protected":false},"author":1,"featured_media":0,"parent":0,"menu_order":0,"comment_status":"closed","ping_status":"closed","template":"","meta":{"_monsterinsights_skip_tracking":false,"_monsterinsights_sitenote_active":false,"_monsterinsights_sitenote_note":"","_monsterinsights_sitenote_category":0,"footnotes":""},"class_list":["post-45","page","type-page","status-publish","hentry"],"aioseo_notices":[],"_links":{"self":[{"href":"https:\/\/wp.itiibourgogne.fr\/index.php\/wp-json\/wp\/v2\/pages\/45","targetHints":{"allow":["GET"]}}],"collection":[{"href":"https:\/\/wp.itiibourgogne.fr\/index.php\/wp-json\/wp\/v2\/pages"}],"about":[{"href":"https:\/\/wp.itiibourgogne.fr\/index.php\/wp-json\/wp\/v2\/types\/page"}],"author":[{"embeddable":true,"href":"https:\/\/wp.itiibourgogne.fr\/index.php\/wp-json\/wp\/v2\/users\/1"}],"replies":[{"embeddable":true,"href":"https:\/\/wp.itiibourgogne.fr\/index.php\/wp-json\/wp\/v2\/comments?post=45"}],"version-history":[{"count":35,"href":"https:\/\/wp.itiibourgogne.fr\/index.php\/wp-json\/wp\/v2\/pages\/45\/revisions"}],"predecessor-version":[{"id":11190,"href":"https:\/\/wp.itiibourgogne.fr\/index.php\/wp-json\/wp\/v2\/pages\/45\/revisions\/11190"}],"wp:attachment":[{"href":"https:\/\/wp.itiibourgogne.fr\/index.php\/wp-json\/wp\/v2\/media?parent=45"}],"curies":[{"name":"wp","href":"https:\/\/api.w.org\/{rel}","templated":true}]}}